 base 4, what is 1 + 2020?
2021
In base 3, what is -2202021 + -101?
-2202122
In base 14, what is 5 + -22?
-1b
In base 5, what is 13340 + 0?
13340
In base 16, what is 185 - -1f?
1a4
In base 10, what is 31478 - 3?
31475
In base 4, what is -10133 + -2?
-10201
In base 13, what is 5 - 123?
-11b
In base 8, what is -3 + 166?
163
In base 11, what is 5 + -4?
1
In base 5, what is -4243 - 11?
-4304
In base 4, what is -1313203 - 1?
-1313210
In base 2, what is 0 + 1111000?
1111000
In base 12, what is -33 - -4?
-2b
In base 12, what is 10b8 + 2?
10ba
In base 11, what is 4 - 107?
-103
In base 10, what is -11 - 65?
-76
In base 10, what is -33 - 10?
-43
In base 12, what is -43 + 181?
13a
In base 6, what is -13 - 53?
-110
In base 15, what is -b532 - 1?
-b533
In base 16, what is 4 + -2a7?
-2a3
In base 13, what is 13 + 5b?
71
In base 7, what is 1 + -33?
-32
In base 8, what is -1 + -263?
-264
In base 13, what is -5 - 1a?
-22
In base 2, what is -10110 - 11?
-11001
In base 11, what is 3 - -1799?
17a1
In base 2, what is 100 - -100111?
101011
In base 9, what is -23 - -536?
513
In base 4, what is 10023 - 1?
10022
In base 4, what is -1221 + -212?
-2033
In base 2, what is 1010 + 11000111?
11010001
In base 11, what is 0 + -126?
-126
In base 14, what is c + -3?
9
In base 7, what is 3 + 1033?
1036
In base 10, what is -4 - -4295?
4291
In base 12, what is -5 + 3ab?
3a6
In base 14, what is -4c1 - -1?
-4c0
In base 8, what is -22 - 1?
-23
In base 4, what is 211 - -1?
212
In base 13, what is 48 + 3?
4b
In base 2, what is 0 + 101010110001?
101010110001
In base 8, what is 1 - -540?
541
In base 9, what is -4 + -215?
-220
In base 9, what is 114 - 2?
112
In base 13, what is -22 + -1?
-23
In base 14, what is 5 - 67?
-62
In base 7, what is -5 - 444?
-452
In base 9, what is 2 - -288?
301
In base 7, what is -25 - 13?
-41
In base 10, what is -41 - -1?
-40
In base 14, what is 0 - -2c4?
2c4
In base 16, what is -9 - 94?
-9d
In base 2, what is 0 - -1001010101?
1001010101
In base 10, what is 202 + -17?
185
In base 3, what is 1 + -212211?
-212210
In base 13, what is c8 - -4?
cc
In base 10, what is -37 - 33?
-70
In base 6, what is 115431 - -4?
115435
In base 2, what is 110010101 + -100?
110010001
In base 4, what is -301230 - -10?
-301220
In base 8, what is -3 + -1?
-4
In base 15, what is -c + -4a?
-57
In base 9, what is -4 + -22?
-26
In base 13, what is -12 - -1?
-11
In base 7, what is -4 - 563?
-600
In base 8, what is -1 - -30?
27
In base 16, what is -9 - 18e?
-197
In base 5, what is -412 - 0?
-412
In base 6, what is 20 + -25?
-5
In base 13, what is 59 - 2?
57
In base 6, what is 3 - -121?
124
In base 4, what is 1101213 + -2?
1101211
In base 10, what is 6 - 160?
-154
In base 3, what is 10 - -1121111?
1121121
In base 10, what is 14 + 7?
21
In base 10, what is 5 - 26?
-21
In base 13, what is 1613 - -3?
1616
In base 12, what is -35 + -18?
-51
In base 9, what is -44 - 12?
-56
In base 3, what is 1210 + -20?
1120
In base 4, what is -131221 - 11?
-131232
In base 14, what is 298d - 0?
298d
In base 8, what is 3 - -4306?
4311
In base 7, what is -142 - -1?
-141
In base 15, what is d1 - 2?
ce
In base 16, what is -5319 - 3?
-531c
In base 6, what is 2 - -243?
245
In base 14, what is 50 + -1?
4d
In base 9, what is 4 - -5345?
5350
In base 2, what is 11 + 110001110111?
110001111010
In base 14, what is bb1 + -7?
ba8
In base 6, what is 302 - 0?
302
In base 12, what is -3 + 2b5?
2b2
In base 16, what is 11 + 65?
76
In base 11, what is -987 + -3?
-98a
In base 11, what is -38 + a?
-29
In base 4, what is 3 + 3202?
3211
In base 16, what is -1 - -144?
143
In base 14, what is 0 - d9?
-d9
In base 15, what is -3 - -e?
b
In base 3, what is -12 - 1022?
-1111
In base 15, what is -6d + 17?
-56
In base 13, what is -4 + -7c?
-83
In base 8, what is -7520 - -3?
-7515
In base 15, what is -19 - -a6?
8c
In base 8, what is -46 - 27?
-75
In base 3, what is 10 + 22?
102
In base 5, what is 1 - 4240?
-4234
In base 11, what is 2 + 6?
8
In base 9, what is 748 - -2?
751
In base 11, what is -6 + 370?
365
In base 3, what is -2 + 1122021?
1122012
In base 16, what is -162 + d?
-155
In base 5, what is -1241 - 3?
-1244
In base 7, what is 31 + -24?
4
In base 13, what is a - 642?
-635
In base 3, what is -2000 - -12?
-1211
In base 3, what is 1111 + -21?
1020
In base 13, what is -11 - ca?
-10b
In base 5, what is 30 - 0?
30
In base 6, what is 4 - -1055?
1103
In base 11, what is -34a + -3?
-352
In base 12, what is 37 - -2?
39
In base 14, what is -23 + 1a?
-7
In base 12, what is 4 - 557?
-553
In base 11, what is -1 - -45?
44
In base 14, what is -521 - 5?
-526
In base 12, what is -3 - 973?
-976
In base 2, what is 10 + -11010100?
-11010010
In base 4, what is 11 + 23?
100
In base 10, what is 703 - 0?
703
In base 14, what is 3 + -302?
-2dd
In base 3, what is 10111 - 11?
10100
In base 9, what is -2 + -746?
-748
In base 12, what is 254b + 0?
254b
In base 14, what is 8 + -28?
-20
In base 10, what is -252 - -5?
-247
In base 9, what is -1 + -3?
-4
In base 16, what is -63 + -2?
-65
In base 6, what is 213 - -5?
222
In base 5, what is 4 + 2034?
2043
In base 2, what is -10 - 100010?
-100100
In base 9, what is 4 - 130?
-125
In base 10, what is 2 - -7?
9
In base 13, what is 41 - 12?
2c
In base 7, what is -6 + 136?
130
In base 4, what is -3 + -210?
-213
In base 7, what is 31 - -20?
51
In base 5, what is 104221 - -10?
104231
In base 16, what is -2 - -2b3?
2b1
In base 8, what is 22 + -14?
6
In base 10, what is 5 + -233?
-228
In base 16, what is 0 - 1ef?
-1ef
In base 13, what is 4 + 1546?
154a
In base 15, what is c559 + -2?
c557
In base 13, what is -118 - 4?
-11c
In base 5, what is 331 + 13?
344
In base 8, what is 7 + -312?
-303
In base 14, what is 9 - -b?
16
In base 15, what is -5 - -7b7?
7b2
In base 9, what is 1 - 2873?
-2872
In base 4, what is -2 + -2102?
-2110
In base 3, what is 0 - 121?
-121
In base 15, what is 1 - -43?
44
In base 4, what is 2 + -11012?
-11010
In base 14, what is 1a + 16?
32
In base 7, what is -2 - -150?
145
In base 16, what is -1 + -4a?
-4b
In base 11, what is 171a - 2?
1718
In base 14, what is -18 + -10?
-28
In base 4, what is -12000 + -30?
-12030
In base 3, what is -2 - 1101?
-1110
In base 7, what is -5 + -1222?
-1230
In base 7, what is -15402 + 1?
-15401
In base 15, what is -e7 + 1?
-e6
In base 11, what is 13a - a?
130
In base 11, what is a2 - 5?
98
In base 16, what is 26 + a?
30
In base 4, what is 13230322 + -1?
13230321
In base 9, what is -24 - -687?
663
In base 7, what is 230 - 5?
222
In base 15, what is -11 + 50?
3e
In base 15, what is 2 - 1b?
-19
In base 16, what is 9 + -13a?
-131
In base 5, what is 31 + -3?
23
In base 8, what is -1 - 323?
-324
In base 12, what is 8 + 49?
55
In base 10, what is -1135 + 2?
-1133
In base 7, what is 2033 + 2?
2035
In base 6, what is 445 - 11?
434
In base 3, what is 10100 + -2010?
1020
In base 12, what is -703 + -14?
-717
In base 4, what is 1 + 1101?
1102
In base 14, what is 55 - -30?
85
In base 3, what is -2 - 0?
-2
In base 4, what is -2 + 31021?
31013
In base 5, what is 11104 - 1?
11103
In base 13, what is 1b1 + -6?
1a8
In base 12, what is -3 + -49b?
-4a2
In base 15, what is 60 - 2?
5d
In base 11, what is -21 - 6?
-27
In base 5, what is -3 + 202?
144
In base 10, what is -10075 + 1?
-10074
In base 7, what is 1430 + 2?
1432
In base 3, what is -2 - -22201?
22122
In base 13, what is 48 + 4?
4c
In base 14, what is 3 + 230?
233
In base 7, what is 36 - 230?
-161
In base 4, what is 122 + -11?
111
In base 8, what is 6 + 3255?
3263
In base 11, what is -25 - 66?
-90
In base 12, what is -66 + -89?
-133
In base 8, what is -5 + 235?
230
In base 9, what is 52 + -58?
-6
In base 8, what is 1270 - 0?
1270
In base 4, what is -1233 + -3?
-1302
In base 4, what is -1132 - 1?
-1133
In base 7, what is 213 - -1?
214
In base 16, what is 238 - 0?
238
In base 10, what is -1 - 1342?
-1343
In base 9, what is 5 - -3506?
3512
In base 11, what is -445 - 9?
-453
In base 16, what is b5 - 4?
b1
In base 15, what is 7 + -31?
-29
In base 6, what is -542 + -3?
-545
In base 7, what is 1 - 3056?
-3055
In base 15, what is -2 - -10?
d
In base 9, what is 3 + -4565?
-4562
In base 7, what is -502 - 0?
-502
In base 8, what is 170 + 2?
172
In base 15, what is 1876 - 5?
1871
In base 8, what is -2 + 111?
107
In base 9, what is 0 - -101?
101
In base 12, what i